hat is m(w)?
-6
Let p(y) be the third derivative of -1/6*y**3 + 0*y - 1/12*y**4 + 0 + 13*y**2. Suppose -2*c = -0*c - k - 1, 3*k = 4*c - 5. Determine p(c).
1
Let o(b) = 30*b - 345. Let a(i) = -5*i + 58. Let t(y) = -35*a(y) - 6*o(y). Determine t(8).
0
Let j(f) = -f**3 + f**2 + f - 1. Let u be 51/15 - (-6)/10. Suppose 3*t = -2*b - 16, -8 = -u*b + 6*t - 2*t. Determine j(b).
9
Suppose 22 = 6*r + 10. Let f(y) = y**3 - 2*y**2 - 2*y + 2. Give f(r).
-2
Let a(m) = m**3 - 5*m**2 - 6*m + 9. Let z be a(7). Suppose z = 4*q + 17. Let l = q + -15. Let v(n) = -n**3 - 4*n**2 + 1. What is v(l)?
-8
Let a(b) = -b + 8. Let r(t) = -t - 6. Let i be r(-9). Let p be (i/2)/(13/(-156)). Let z = p - -24. What is a(z)?
2
Let m = -145 + 148. Let b(s) = -11*s**2 - s**m - 10 - 230*s + 104*s + 115*s. Calculate b(-10).
0
Let t(v) = -v - 7. Let q = -7 - -11. Suppose 0 = 4*d - 4, -4*f + q*d - 44 = 0. Let i = 6 + f. Calculate t(i).
-3
Let g(s) = 4*s**3 - s**2 - 2*s - 1. Suppose -2*x + 18 = 8. Suppose -1 = -n, u - 4*n = x*u. Calculate g(u).
-4
Let q(w) = -246 + w**2 + 128 + 111. Give q(4).
9
Let o(i) = -3 - 2*i + 38*i**3 - 39*i**3 + 4 - 4 - 2*i**2. Determine o(-4).
37
Suppose -3*t = 2*z - 177, -4*t - 80 = 4*z - 428. Let f(x) = -4 + 88*x - z*x + 3. What is f(-1)?
-5
Let i(y) = -y - 11. Suppose 12 = -15*b - 18. Determine i(b).
-9
Suppose 3*a - l + 12 - 45 = 0, 3*a = -3*l + 33. Let z(d) = d**2 - 11*d + 11. Give z(a).
11
Let x(b) = b**2 - 11*b - 11. Suppose -1 = p, 53*y - 58*y + 4*p + 69 = 0. Calculate x(y).
15
Let d(c) = c**2 - 6 + 44*c + 57*c - 84*c - 2*c**2. What is d(16)?
10
Let t(q) = -q**2 - 7*q - 27. Let r(v) = -2*v**2 - 11*v - 41. Let w(p) = -5*r(p) + 8*t(p). Let i(d) be the first derivative of w(d). Determine i(-1).
-5
Let o be 0 - (51/(-85) + (-56)/(-10)). Let v(z) = z**2 + 2*z - 8. Determine v(o).
7
Let s(u) be the second derivative of -1/3*u**3 + 1/2*u**2 - 17*u + 0. Determine s(5).
-9
Let s(x) be the first derivative of -x**4/4 + x**2/2 - 13*x + 189. Calculate s(0).
-13
Let y(t) = -3*t + 8. Suppose -9*n - 5*c + 40 = -4*n, 3*c - 31 = -4*n. Determine y(n).
-13
Let j(o) = 7*o + 2. Let w(x) be the third derivative of x**4/4 + x**3/2 - 7*x**2. Suppose -4*k - 28 + 8 = 0. Let d(u) = k*j(u) + 6*w(u). Calculate d(-5).
3
Let r(l) be the third derivative of -l**5/60 - 2*l**4/3 + l**3/3 + 603*l**2 - 2*l. What is r(-13)?
41
Let l(q) = -13*q + 13. Let c(d) = 11*d - 12. Let i(j) = 7*c(j) + 6*l(j). Give i(-6).
0
Let r(j) = -j. Let n be r(-2). Let b(w) = 17*w + 6*w**n + 1 - 16*w - 3. Let f be b(1). Let m(z) = 2*z. What is m(f)?
10
Let p(i) = 5*i + 2. Let x be p(-2). Let f be -3 + 1 + x + 3. Let d(o) = o + 2. Determine d(f).
-5
Suppose -10*r = -2*r - 24. Let f(p) = 2*p**2 + 7*p**3 - 2*p - p**3 - 5*p**r + 3*p**2 - 7. Calculate f(-5).
3
Let m(d) = 1 - 117*d**2 + 0*d - 6*d + 52*d**2 + 64*d**2 + 3*d. Give m(-5).
-9
Suppose -3*i + x - 4*x = 15, 5*i = -4*x - 20. Let k(w) = -23*w**3 + 5*w + 10. Let f(b) = 5*b**3 - b - 3. Let r(d) = -9*f(d) - 2*k(d). Determine r(i).
7
Let q(s) = 3*s**2 - 3*s + 2. Let f be ((-130)/(-30) - 5)*-3. What is q(f)?
8
Let p(j) = -j**3 + 2*j**2 - 2*j + 3. Suppose 3 - 11 = -2*t. Suppose -19 = t*o - 31. Determine p(o).
-12
Let g(h) = -h - 7. Let p(u) = -u**3 - 14*u**2 + 15*u - 6. Suppose 10*c - 14*c - 60 = 0. Let f be p(c). Give g(f).
-1
Let x(o) be the third derivative of o**8/6720 - o**7/2520 - o**6/720 + o**5/40 + o**4/3 - 12*o**2. Let k(t) be the second derivative of x(t). What is k(0)?
3
Let a(u) = -u**3 + 5*u**2 + 7*u + 1. Let c be a(6). Let t(p) = -c*p + 7 + 8*p + 0*p. Let v(y) = -y**2 + 5*y. Let o be v(5). Calculate t(o).
7
Suppose -15*y + 17*y - 16 = 0. Suppose 0 = 4*h + y - 28. Let z(n) = n**3 - 5*n**2 - 3*n - 4. Determine z(h).
-19
Let t(y) be the second derivative of 5/6*y**3 - 3*y**2 + 1/20*y**5 + 1/2*y**4 - 12*y + 0. What is t(-5)?
-6
Let z(r) = r. Suppose 4*w - 4*u = 12, -4*w - 4*u + 6 = -2*u. Suppose 4*o - q = -3*q + 20, 2*o + 2 = w*q. Give z(o).
3
Let d(p) = -7*p - 7. Let j(h) = -38*h - 37. Let r(w) = 22*d(w) - 4*j(w). Give r(-6).
6
Let f(s) = s**3 - 2*s**2 - 4*s + 5. Suppose 0 = 2*r + 5*w + 21 - 5, 4*w = 2*r - 20. Let c be f(r). Let b(j) = -j**2 - 4*j - 2. Give b(c).
1
Let u be (3 - 6) + 1 + 4. Let q(i) = 4*i**u + 3*i**3 + 6 - 8*i + 4*i**2 - 2*i**3. Let p be q(-9). Let z(o) = 2*o + 4. Determine z(p).
-2
Let g(n) be the first derivative of n**5/30 - n**4/24 - 29*n**3/3 + 21. Let m(q) be the third derivative of g(q). Calculate m(-1).
-5
Let u(c) be the third derivative of 3*c**2 - 5/6*c**3 + 0*c + 1/60*c**5 + 1/24*c**4 + 0. Give u(0).
-5
Let k(s) = -3*s**2 - 3*s - 4. Let f(u) = 3*u - 24. Let n = -32 + 39. Let h be f(n). Calculate k(h).
-22
Let c(j) = 47 + 16*j - 17 + j - 14 - 14. What is c(-1)?
-15
Let o(g) = -2*g**3 + 4*g**2 - 4*g + 2. Suppose -k + 10 = 4*k. Suppose -s - c = 4, 0 = -4*c + k*c. Let q be s/(-3)*9/6. Give o(q).
-6
Let p(c) = c**2 - 1. Let j be p(1). Suppose j = z + 2*z - 54. Suppose o = z - 12. Let v(n) = -n - 7. Determine v(o).
-13
Let x be ((-10)/20)/(1/(-10)). Suppose -u + x*u = 8. Let q(i) = -i**2 + i - 1. Let g be q(u). Let d(o) = 4*o + 1. What is d(g)?
-11
Let s(a) = -a**3 - a**2 + 2*a + 1. Let r be s(-2). Let m(h) = h**3 + h**2 - 1. Let d(z) = 5*z**3 - 3*z - 9. Let k(b) = r*d(b) - 4*m(b). Calculate k(5).
5
Let w(d) = d**3 - 4*d**2 + 3*d. Let u(t) = t**3 + 2*t**2 - 7*t + 6. Let p be 2/2*8/(-2). Let f be u(p). Determine w(f).
-2
Let i(v) be the third derivative of -1/120*v**5 + 0*v + 1/8*v**4 - 5/6*v**3 + 0 + 14*v**2. Let w(z) be the first derivative of i(z). What is w(5)?
-2
Let f = -7 + 11. Let k(h) = 41*h - 109*h - 4 + 71*h. Determine k(f).
8
Let k(w) = -w - 8. Let l(g) = -7*g - 33. Let z(n) = 9*k(n) - 2*l(n). Give z(3).
9
Let x(c) be the first derivative of -c**3/3 - 2*c**2 + 3*c + 2. Let b = 25 - 22. Suppose d + 10 = -b*j, -24 = 5*j - 2*d - 0. Determine x(j).
3
Let l(v) = v + 17. Let s be l(-14). Suppose s*k = 4*q - 0*q + 135, 4*q - 45 = -k. Let d be (-235)/k + (-2)/(-9). Let m(t) = t**2 + 6*t - 1. Determine m(d).
-6
Let h(f) = 73*f**3 - 37*f**3 - 39*f**3 - f. Let k = 4 - 6. Let o be 2 + -2 - (k - -3). Give h(o).
4
Let a(w) = -5*w - 2. Let h(f) be the third derivative of -f**4/8 - f**3/3 - 5*f**2. Let y be h(0). Determine a(y).
8
Let x be 0 + 1/1 - -2. Let b = 2 - x. Let d(z) = 10302*z**2 - 5145*z**2 - 1 - 5148*z**2. What is d(b)?
8
Let g = -8 - -13. Let y be 90/25 - (-2)/g. Let f(h) = -1 + 3 + 0 - 6*h + 4*h. Calculate f(y).
-6
Suppose -3*u = -b + 7 - 24, -5*b + 3*u = 25. Let m(n) = n**3 + n**2 - 2*n + 1. Calculate m(b).
1
Let a(i) be the second derivative of -i**7/2520 - i**6/240 + 7*i**5/120 + 19*i**4/12 + 2*i. Let s(r) be the third derivative of a(r). What is s(-5)?
-3
Let d(u) = u**3 + 5*u**2 + 2*u - 2. Let i be 12*(-2 + (-76)/(-36))*-3. Give d(i).
6
Let u be 1/(-7) - 319/(-77). Let r(q) = -3*q + 21. What is r(u)?
9
Let v(y) = -y**2 - 10*y + 9 + 4 - 2 + 38*y - 19*y. Determine v(8).
19
Suppose -3*h + 1 = -4*h. Let l(a) = -a - 2*a**2 + 236*a**3 + 0*a**2 - 109*a**3 - 118*a**3. What is l(h)?
-10
Let y(k) = 6*k + 21*k + 5*k - 20. Let o(r) = 11*r - 7. Let w(t) = 17*o(t) - 6*y(t). Let p be (2 + -3)*(3 - 1). What is w(p)?
11
Let m(j) = j**2 + 4*j + 2. Suppose 29*w = 37*w + 64. What is m(w)?
34
Suppose 4 = 4*t - 3*t. Let q(a) = 0*a + 4 + 2568*a**2 + 0*a - 3*a - a**3 - 2563*a**2. Give q(t).
8
Let t(d) be the first derivative of -21*d**2/2 + d - 97. What is t(2)?
-41
Let z(l) = -5*l**3 + 5*l**2 + l + 2. Let v(f) = 9*f**3 - 10*f**2 - 2*f - 5. Let a(o) = -4*v(o) - 7*z(o). Suppose -4*d = 4*b, 0 = -4*d + 3*d - 5. What is a(b)?
11
Let s be ((-3)/8)/((-30)/(-100))*4. Let z be ((-6)/(-4))/((-2)/(-4)). Let r(d) = 0*d + 6*d + d**z + 0*d**3 + 6*d**2 + 1. What is r(s)?
-4
Let b(c) = c + 1. Suppose -y = -2*y - 6. Let h be 150/(-20)*4/y. Calculate b(h).
6
Let u(z) be the first derivative of -z**2/2 + 2*z + 14. Give u(4).
-2
Suppose -5 = 5*h - 20. Let v(d) = -7*d + d**2 - 5*d**2 - 2 - 10*d**3 + 11*d**h. What is v(5)?
-12
Suppose 5*o + 0 = -d - 1, -2*d = -3*o - 11. Suppose 0 = -5*c + 3*t - 6, -d*c - 7*t + 3*t = 24. Let f(l) = -l**2 - 2*l + 1. Determine f(c).
-2
Let u(i) = i**2 + 6*i + 7. Let o = 73 + -78. Determine u(o).
2
Let c(q) = -q**2 - 2*q - 5. Let j(a) = 13*a + 278. Let m be j(-21). What is c(m)?
-40
Let u(f) = -f**3 - 4*f**2 - 2*f + 3. Let w = 